14, what is -d77c - -4?
-d778
In base 2, what is -1000011000010 + 111?
-1000010111011
In base 10, what is 18037 + -13?
18024
In base 8, what is 11 - -5612?
5623
In base 6, what is -11 + 344010?
343555
In base 10, what is 0 - -34635?
34635
In base 4, what is -11202032 + 1232?
-11200200
In base 6, what is 1 + -413221?
-413220
In base 11, what is -136317 + 6?
-136311
In base 15, what is 29 + -27?
2
In base 12, what is -69 - 1a06?
-1a73
In base 11, what is 40 + 195?
225
In base 9, what is 4 + 88844?
88848
In base 10, what is -885 - 6?
-891
In base 8, what is 347 - 115?
232
In base 3, what is 1012211000 - -1122?
1012212122
In base 10, what is 4456 - 42?
4414
In base 7, what is -2 - -24123?
24121
In base 9, what is 162 + 607?
770
In base 10, what is -1574 + -2?
-1576
In base 15, what is -18815 - 2?
-18817
In base 4, what is -10 + 3310132133?
3310132123
In base 16, what is 0 + -d6d87?
-d6d87
In base 4, what is -10003310302 - -2?
-10003310300
In base 16, what is 5 + 539?
53e
In base 4, what is 22 - 221121?
-221033
In base 11, what is 15 + -1870?
-1856
In base 3, what is 1102000200 + 10?
1102000210
In base 7, what is 16 - 51130?
-51111
In base 15, what is -5c - -407b?
401e
In base 9, what is -14 - -4312?
4287
In base 15, what is -52e710 + -3?
-52e713
In base 16, what is 0 + 2309?
2309
In base 16, what is -252dd8 - -5?
-252dd3
In base 4, what is -13223001 + -112?
-13223113
In base 12, what is -3 + 16a80?
16a79
In base 11, what is -5865 + -60?
-5915
In base 16, what is 18 + 173f?
1757
In base 4, what is -201 + -303302130?
-303302331
In base 7, what is 10015 - -341?
10356
In base 7, what is 4 - 213213?
-213206
In base 9, what is 40 + -18617?
-18567
In base 14, what is -104840 + -2?
-104842
In base 16, what is -4 - -3b08?
3b04
In base 12, what is -13 - -756?
743
In base 3, what is -10 + 21102020011?
21102020001
In base 6, what is 451112 + -1?
451111
In base 2, what is 1 - -1001101110001?
1001101110010
In base 16, what is 1f0b - 3?
1f08
In base 12, what is -4824 - 0?
-4824
In base 15, what is 841 - 2?
83e
In base 2, what is -101 - -11100011101110?
11100011101001
In base 5, what is 0 - 102212300?
-102212300
In base 14, what is -361 - -1db?
-164
In base 9, what is 11218 + -12?
11206
In base 15, what is 1 - 9377?
-9376
In base 7, what is -4 + 336?
332
In base 14, what is -1a7 + -135?
-2dc
In base 9, what is -128 + -846?
-1075
In base 14, what is 3 - 2aa3?
-2aa0
In base 10, what is 24575 + 5?
24580
In base 3, what is -20 + 120222212011?
120222211221
In base 6, what is -150155 - -155?
-150000
In base 9, what is -472 + -86?
-568
In base 15, what is -3 + -28e42?
-28e45
In base 10, what is -2 - -70222?
70220
In base 9, what is 5 - 1167367?
-1167362
In base 6, what is -14130 + 0?
-14130
In base 11, what is -170 - -2187?
2017
In base 3, what is -2 - 120010211?
-120010220
In base 9, what is -158 - -25528?
25360
In base 2, what is -101011100 + 11011100?
-10000000
In base 9, what is 2222113 + 3?
2222116
In base 8, what is 15 - -30173?
30210
In base 13, what is -4 - -15985?
15981
In base 12, what is -33 + 10a?
97
In base 14, what is 3c6 + -36?
390
In base 10, what is 4313 + -1209?
3104
In base 3, what is 200122 + -100121?
100001
In base 2, what is -101110000110001110 + -101?
-101110000110010011
In base 14, what is 0 + 3dd9?
3dd9
In base 14, what is 4 + -1c9aa?
-1c9a6
In base 6, what is -15023 + -40?
-15103
In base 9, what is -137 + 3075?
2837
In base 3, what is -2022 - 1012211?
-1022010
In base 6, what is -101304 + 4?
-101300
In base 4, what is -31013201 + -3?
-31013210
In base 12, what is -4438 + -3?
-443b
In base 5, what is -3 + 34224?
34221
In base 6, what is -3052 + 121?
-2531
In base 7, what is 2120 - -600?
3020
In base 5, what is 3 + 2340043?
2340101
In base 2, what is -101 - -1010000000101011001?
1010000000101010100
In base 5, what is -2403 + 131?
-2222
In base 16, what is -1083 - -7?
-107c
In base 15, what is 5918e + 1?
59190
In base 9, what is -16567 + -81?
-16658
In base 13, what is 0 + 47383?
47383
In base 16, what is -ae - -f3?
45
In base 5, what is -1014424 + -1?
-1014430
In base 7, what is 1 - -1621316?
1621320
In base 6, what is 3 - 431523?
-431520
In base 7, what is -34053236 - -2?
-34053234
In base 13, what is -44757 + -16?
-44770
In base 4, what is -32 + 1003123132?
1003123100
In base 16, what is 116 + -104?
12
In base 6, what is -30114 - -5515?
-20155
In base 15, what is 126e + -1d?
1251
In base 4, what is 322122 - 103?
322013
In base 16, what is 5 + -889b3?
-889ae
In base 6, what is -1012400 + 204?
-1012152
In base 11, what is -1228a4 + 5?
-12289a
In base 9, what is -34253 + -120?
-34373
In base 8, what is -2224 + 22?
-2202
In base 7, what is -4146 + 1101?
-3045
In base 15, what is -6a2 + -1e?
-6c1
In base 9, what is -21768 + -18?
-21787
In base 12, what is -2814a + 9?
-28141
In base 15, what is 199 + 0?
199
In base 3, what is -12 - -122001210?
122001121
In base 8, what is -366002 - -2?
-366000
In base 15, what is -7bc35 - 9?
-7bc3e
In base 4, what is 330212 + 133?
331011
In base 10, what is 3840 + -4?
3836
In base 3, what is -120000202 - 0?
-120000202
In base 14, what is -6 - -4dd5?
4dcd
In base 6, what is 21502 - -3?
21505
In base 14, what is 0 + 3280?
3280
In base 4, what is 122 - -2013?
2201
In base 6, what is 33420 - -12?
33432
In base 4, what is 11 + 223031130?
223031201
In base 16, what is -c6 + 8ac?
7e6
In base 6, what is 112 - -2205?
2321
In base 7, what is 250 + -1312?
-1032
In base 9, what is -1535702 + -1?
-1535703
In base 9, what is 36 + 306?
343
In base 8, what is -176 - 1331?
-1527
In base 10, what is -2 - -340797?
340795
In base 12, what is 0 - -3967?
3967
In base 7, what is 2535415 + 6?
2535424
In base 9, what is -144883 + -43?
-145036
In base 11, what is -575370 - -1?
-57536a
In base 4, what is -10 + 23321333?
23321323
In base 5, what is 420111 + 3424?
424040
In base 2, what is -11110111010 + 1101011010?
-10001100000
In base 8, what is -11612 + 27?
-11563
In base 6, what is -1143 + 212?
-531
In base 13, what is 13713 + -5?
1370b
In base 7, what is -222 - -643?
421
In base 2, what is -10 - 1011011110010111?
-1011011110011001
In base 7, what is -3 - 130632?
-130635
In base 5, what is 344 + 144240?
200134
In base 8, what is 6 + -3073?
-3065
In base 12, what is -1340 - -36?
-1306
In base 3, what is 10 - -1110022111?
1110022121
In base 7, what is -606004 - 21?
-606025
In base 14, what is -2d - 310?
-33d
In base 2, what is 0 - -10000011101010?
10000011101010
In base 9, what is 156 - 245?
-78
In base 6, what is 4 - -21532231?
21532235
In base 7, what is -15126 - -35?
-15061
In base 14, what is 238 + -2c9?
-91
In base 8, what is 133 - -5120?
5253
In base 11, what is 119 + 307?
425
In base 15, what is -13 + -de?
-102
In base 12, what is -3 + b4078?
b4075
In base 3, what is -12 - 1022111000?
-1022111012
In base 16, what is ff + 111c?
121b
In base 11, what is 3 - -76328?
76330
In base 3, what is 211002100200 + 0?
211002100200
In base 3, what is 1102120 + -2112?
1100001
In base 16, what is -1 - -1075?
1074
In base 11, what is 34381 + 2?
34383
In base 4, what is 31 + 11032233?
11032330
In base 4, what is -113233 - 202?
-120101
In base 2, what is -1 - 110111010111100111?
-110111010111101000
In base 5, what is 1140243 + -12?
1140231
In base 7, what is 2 + 22266?
22301
In base 6, what is 4354121 - -5?
4354130
In base 5, what is 3312232 + 34?
3312321
In base 6, what is -54 + 44153?
44055
In base 5, what is -32022 - 4123?
-41200
In base 4, what is -111002031110 + 0?
-111002031110
In base 6, what is -5 - -55115?
55110
In base 16, what is -3 - -258b2?
258af
In base 12, what is 28a + 272?
540
In base 6, what is 1 + 330522?
330523
In base 12, what is -711 + -33?
-744
In base 7, what is 452 + 14?
466
In base 4, what is 13331210 - 1?
13331203
In base 13, what is 1 + 9201?
9202
In base 7, what is 54 - 1000343?
-1000256
In base 8, what is -332 - 14100?
-14432
In base 8, what is -2032 + -472?
-2524
In base 16, what is -10 - -2437?
2427
In base 5, what is 232 + -141031?
-140244
In base 5, what is -2111401 - -1?
-2111400
In base 3, what is -112 + -200220212?
-200221101
In base 14, what is 0 + -1397d?
-1397d
In base 7, what is 0 - -216223?
216223
In base 6, what is 4 + 235543?
235551
In base 8, what is 2 - 7102?
-7100
In base 3, what is 1221221110101 + -1?
1